 in base 7?
316353
Convert 334000 (base 6) to base 12.
14300
What is -c468 (base 13) in base 9?
-41180
Convert -946 (base 14) to base 7.
-5216
10b40 (base 12) to base 10
22368
-281 (base 15) to base 4
-20323
What is 3b6 (base 12) in base 13?
34b
-8319 (base 11) to base 14
-403d
-3c22 (base 16) to base 5
-443034
553122 (base 6) to base 2
1011001111101010
What is -101100022 (base 3) in base 12?
-4445
13422 (base 6) to base 8
4066
What is -202 (base 10) in base 4?
-3022
Convert 3092 (base 11) to base 16.
ffe
Convert -55a (base 13) to base 7.
-2453
-120114 (base 5) to base 6
-32225
What is -3535 (base 8) in base 14?
-989
-13363 (base 7) to base 9
-4864
-21043 (base 6) to base 2
-101100010011
Convert 17aa (base 14) to base 16.
10aa
What is -17795 (base 10) in base 6?
-214215
What is 369 (base 11) in base 8?
666
144a (base 11) to base 9
2506
Convert aa18 (base 15) to base 4.
20302313
103 (base 10) to base 9
124
1024002 (base 5) to base 10
17377
-10000111100 (base 2) to base 7
-3106
Convert 101111110111 (base 2) to base 12.
1933
1100011001011 (base 2) to base 14
2455
Convert -1301 (base 12) to base 6.
-14001
Convert -348a (base 12) to base 16.
-16ea
Convert 20635 (base 10) to base 14.
773d
What is 2fd (base 16) in base 5?
11030
What is -1b5 (base 16) in base 7?
-1163
What is 13a2b (base 12) in base 3?
1101120122
Convert 2322302 (base 4) to base 10.
11954
What is 793 (base 16) in base 2?
11110010011
What is 2b4aa (base 12) in base 9?
102834
What is 1a5a (base 15) in base 14?
211c
16aa (base 12) to base 14
dc6
-1268 (base 16) to base 2
-1001001101000
What is 142125 (base 6) in base 15?
3eb5
What is -3a00 (base 11) in base 6?
-40031
What is 9a58 (base 11) in base 16?
33c4
What is 276a3 (base 13) in base 3?
10202000201
Convert 3241 (base 7) to base 10.
1156
Convert -6474 (base 9) to base 2.
-1001010011101
32021 (base 4) to base 8
1611
-141314 (base 7) to base 14
-9b44
What is -7602 (base 13) in base 16?
-400b
4460 (base 9) to base 3
11112000
Convert 133030 (base 5) to base 10.
5390
Convert -101001011110010 (base 2) to base 6.
-242150
2223 (base 6) to base 4
20013
What is 55c (base 13) in base 8?
1632
Convert 27822 (base 10) to base 3.
1102011110
What is -1110111100001 (base 2) in base 12?
-4515
Convert 5dc7 (base 16) to base 12.
11a87
What is 166 (base 14) in base 5?
2121
-1202 (base 5) to base 2
-10110001
1360 (base 7) to base 6
2244
-77ba (base 12) to base 11
-9a52
Convert -65 (base 12) to base 15.
-52
What is 1b9 (base 15) in base 16?
18f
What is -7168 (base 9) in base 2?
-1010001111110
Convert 9221 (base 15) to base 2.
111100010001000
Convert da6 (base 16) to base 12.
2032
Convert 20421 (base 5) to base 10.
1361
Convert -1aaa (base 16) to base 8.
-15252
What is 776 (base 9) in base 6?
2540
-ba6 (base 14) to base 3
-10011021
Convert -257 (base 13) to base 12.
-2a2
What is -13c2 (base 15) in base 9?
-5722
Convert -9291 (base 12) to base 10.
-15949
Convert -6df2 (base 16) to base 11.
-1a168
Convert -5cd7 (base 15) to base 5.
-1113102
482 (base 14) to base 12
62a
Convert -7703 (base 9) to base 16.
-1629
What is -1228 (base 10) in base 12?
-864
What is 668 (base 12) in base 13?
578
-232 (base 5) to base 16
-43
1644 (base 8) to base 2
1110100100
What is 302 (base 7) in base 8?
225
What is 43240 (base 8) in base 9?
26718
What is 1255 (base 12) in base 7?
6032
Convert -50134 (base 6) to base 13.
-2c8c
Convert -c085 (base 14) to base 6.
-412553
Convert -1861 (base 9) to base 12.
-9b4
Convert 25cc (base 16) to base 6.
112444
509 (base 10) to base 8
775
-1 (base 9) to base 3
-1
Convert -32333102 (base 4) to base 10.
-61394
-18916 (base 10) to base 15
-5911
11ea (base 15) to base 4
323230
Convert -211110 (base 3) to base 16.
-25e
Convert 530 (base 12) to base 16.
2f4
Convert 196 (base 14) to base 16.
148
Convert -10101110 (base 2) to base 11.
-149
What is -1ece (base 16) in base 12?
-4692
ca4c (base 14) to base 6
425500
What is 526 (base 8) in base 5?
2332
-110501 (base 6) to base 7
-35656
-104022 (base 5) to base 9
-4881
What is 4aba (base 15) in base 8?
37065
1052 (base 6) to base 8
370
11000111111 (base 2) to base 3
2012020
-2550 (base 13) to base 8
-12270
15304 (base 6) to base 9
3364
Convert -304 (base 12) to base 6.
-2004
Convert 309 (base 11) to base 12.
270
What is 2536 (base 7) in base 15?
43d
33666 (base 7) to base 10
8574
What is -32 (base 15) in base 3?
-1202
Convert 22122 (base 11) to base 16.
7d59
-614 (base 8) to base 4
-12030
2321 (base 5) to base 8
520
What is -1121 (base 12) in base 5?
-30042
561 (base 15) to base 9
1601
-19ab (base 13) to base 6
-25511
What is 336 (base 9) in base 7?
543
Convert -121220 (base 3) to base 13.
-291
Convert 10110001101 (base 2) to base 15.
64b
-408 (base 11) to base 15
-22c
Convert 111101 (base 2) to base 4.
331
-653e (base 15) to base 5
-1141214
-14664 (base 12) to base 2
-110111110101100
Convert -d877 (base 15) to base 6.
-551551
3a4 (base 16) to base 8
1644
1000110011 (base 2) to base 11
472
What is -443310 (base 5) in base 3?
-210012102
What is 10222 (base 5) in base 10?
687
1730 (base 8) to base 2
1111011000
Convert 213300 (base 4) to base 7.
10263
What is 12cc (base 14) in base 8?
6364
Convert 4926 (base 10) to base 14.
1b1c
Convert -20444 (base 7) to base 11.
-3863
9a (base 15) to base 16
91
Convert -5250 (base 9) to base 16.
-f0c
Convert -11440 (base 5) to base 6.
-4010
Convert 82b0 (base 13) to base 5.
1034212
-1424 (base 5) to base 14
-131
-333b (base 12) to base 9
-7682
Convert 112442 (base 5) to base 6.
31030
What is -14c7 (base 15) in base 2?
-1000101101110
2817 (base 13) to base 16
1686
What is -2055 (base 6) in base 2?
-111010011
10621 (base 7) to base 14
db8
What is 10040 (base 5) in base 2?
1010000101
What is -170 (base 11) in base 8?
-306
What is -3833 (base 10) in base 6?
-25425
What is -21b (base 12) in base 5?
-2221
-3851 (base 13) to base 16
-1f49
1361 (base 7) to base 8
1025
What is -11021113 (base 4) in base 12?
-10247
What is 11100101110011 (base 2) in base 15?
4557
Convert -120202 (base 3) to base 9.
-522
2dc4 (base 16) to base 10
11716
Convert -11101011001 (base 2) to base 15.
-856
What is -161 (base 10) in base 14?
-b7
1000001001 (base 2) to base 4
20021
-478b (base 13) to base 4
-2131212
Convert 141336 (base 9) to base 12.
41b36
Convert 73570 (base 8) to base 13.
10bc8
What is 213212 (base 4) in base 8?
4746
650 (base 7) to base 13
1c4
What is -54141 (base 6) in base 7?
-30406
-20014 (base 5) to base 8
-2353
What is 27121 (base 11) in base 12?
1a507
What is 14663 (base 8) in base 15?
1e39
What is -174414 (base 8) in base 5?
-4020011
What is c90b (base 14) in base 6?
424355
247 (base 14) to base 5
3310
Convert 3e1e (base 15) to base 2.
11001111111000
-193 (base 12) to base 13
-168
What is -2460 (base 10) in base 15?
-ae0
Convert -68 (base 14) to base 11.
-84
What is -22663 (base 7) in base 9?
-7884
What is -1c0 (base 15) in base 4?
-12111
What is -6803 (base 10) in base 16?
-1a93
102121 (base 3) to base 8
471
4da (base 16) to base 15
57c
4d4 (base 16) to base 7
3414
Convert -10241 (base 5) to base 9.
-853
Convert -9093 (base 11) to base 13.
-5664
What is -47b4 (base 12) in base 16?
-1f78
-2343 (base 12) to base 11
-2a61
-1a7a0 (base 11) to base 10
-28908
What is 15a4 (base 13) in base 3?
11100122
-1434b (base 13) to base 3
-1221000102
What is 31031 (base 6) in base 11?
3109
What is -76223 (base 8) in base 7?
-161656
What is -141311 (base 5) in base 11?
-4421
Convert -528 (base 13) to base 4.
-31233
-4c65 (base 13) to base 15
-3369
What is -11065 (base 8) in base 13?
-2177
124122 (base 5) to base 6
34424
Convert -1000000010 (base 2) to base 10.
-514
What is -9157 (base 11) in base 3?
-121200110
1001000010 (base 3) to base 14
7623
Convert 408a (base 12) to base 8.
15552
Convert -235 (base 8) to base 13.
-c1
What is -7922 (base 10) in base 13?
-37b5
2078 (base 10) to base 15
938
Convert 9847 (base 11) to base 7.
52616
-33622 (base 8) to base 4
-3132102
What is 3325 (base 10) in base 4?
303331
What is -282d (base 16) in base 6?
-115341
11113 (base 4) to base 13
205
11421 (base 7) to base 5
43310
10110001100 (base 2) to base 4
112030
Convert 1445 (base 7) to base 8.
1074
-11011101010 (base 2) to base 13
-a62
10110010011001 (base 2) to base 9
16585
Convert 57b5 (base 15) to base 6.
22211